
260
What is the remainder when 241158 is divided by 40?
38
Calculate the remainder when 334280 is divided by 169.
167
What is the remainder when 9036 is divided by 216?
180
What is the remainder when 6292 is divided by 3134?
24
Calculate the remainder when 107151 is divided by 26786.
7
What is the remainder when 742 is divided by 156?
118
What is the remainder when 2630 is divided by 433?
32
Calculate the remainder when 1315 is divided by 130.
15
Calculate the remainder when 2189 is divided by 728.
5
Calculate the remainder when 8966158 is divided by 1779.
1777
Calculate the remainder when 734973 is divided by 44.
41
What is the remainder when 930897 is divided by 21?
9
Calculate the remainder when 35415 is divided by 35368.
47
What is the remainder when 14259 is divided by 48?
3
Calculate the remainder when 20968 is divided by 14.
10
Calculate the remainder when 258404 is divided by 15.
14
What is the remainder when 117854 is divided by 19?
16
What is the remainder when 581 is divided by 569?
12
Calculate the remainder when 1046442 is divided by 209283.
27
What is the remainder when 345892 is divided by 17?
10
Calculate the remainder when 19584 is divided by 9.
0
What is the remainder when 115176 is divided by 237?
231
What is the remainder when 1194 is divided by 7?
4
What is the remainder when 2979 is divided by 2979?
0
What is the remainder when 55924 is divided by 3492?
52
Calculate the remainder when 2330475 is divided by 514.
513
What is the remainder when 526858 is divided by 9?
7
What is the remainder when 169982 is divided by 68?
50
What is the remainder when 65498 is divided by 151?
115
What is the remainder when 407523 is divided by 52?
51
Calculate the remainder when 20173 is divided by 10.
3
What is the remainder when 1964 is divided by 354?
194
What is the remainder when 87691 is divided by 43835?
21
What is the remainder when 406431 is divided by 41?
39
What is the remainder when 124389 is divided by 584?
581
Calculate the remainder when 15242 is divided by 9.
5
Calculate the remainder when 9537 is divided by 37.
28
What is the remainder when 3394 is divided by 841?
30
Calculate the remainder when 16383 is divided by 5245.
648
What is the remainder when 1167785 is divided by 194630?
5
Calculate the remainder when 434562 is divided by 30.
12
Calculate the remainder when 328014 is divided by 13.
11
What is the remainder when 65945 is divided by 1177?
33
Calculate the remainder when 3035168 is divided by 257.
255
Calculate the remainder when 154304 is divided by 21.
17
Calculate the remainder when 45867 is divided by 134.
39
Calculate the remainder when 11540 is divided by 238.
116
What is the remainder when 23143 is divided by 351?
328
What is the remainder when 764792 is divided by 391?
387
What is the remainder when 71816 is divided by 1259?
53
What is the remainder when 60989 is divided by 100?
89
What is the remainder when 1836 is divided by 553?
177
What is the remainder when 1278 is divided by 16?
14
Calculate the remainder when 26104 is divided by 8698.
10
Calculate the remainder when 1495 is divided by 97.
40
What is the remainder when 20011 is divided by 2497?
35
What is the remainder when 45754 is divided by 66?
16
Calculate the remainder when 115305 is divided by 454.
443
Calculate the remainder when 26883 is divided by 1122.
1077
What is the remainder when 6339 is divided by 1552?
131
What is the remainder when 1603 is divided by 161?
154
What is the remainder when 8836 is divided by 63?
16
Calculate the remainder when 8379 is divided by 1040.
59
What is the remainder when 2923 is divided by 256?
107
What is the remainder when 276 is divided by 186?
90
Calculate the remainder when 20756 is divided by 347.
283
Calculate the remainder when 5348 is divided by 1339.
1331
Calculate the remainder when 29721 is divided by 147.
27
Calculate the remainder when 1910 is divided by 169.
51
What is the remainder when 11227 is divided by 2531?
1103
Calculate the remainder when 1211 is divided by 125.
86
What is the remainder when 277189 is divided by 420?
409
Calculate the remainder when 4488 is divided by 239.
186
What is the remainder when 465976 is divided by 155321?
13
What is the remainder when 37385 is divided by 18687?
11
Calculate the remainder when 3823 is divided by 1846.
131
What is the remainder when 17288 is divided by 1076?
72
Calculate the remainder when 3386 is divided by 17.
3
What is the remainder when 139896 is divided by 37?
36
What is the remainder when 553252 is divided by 184415?
7
Calculate the remainder when 16121 is divided by 5366.
23
What is the remainder when 1394 is divided by 1392?
2
Calculate the remainder when 8433 is divided by 2800.
33
Calculate the remainder when 374671 is divided by 13381.
3
What is the remainder when 100760 is divided by 162?
158
What is the remainder when 13272 is divided by 505?
142
Calculate the remainder when 289 is divided by 41.
2
What is the remainder when 82205 is divided by 18?
17
What is the remainder when 70339 is divided by 283?
155
What is the remainder when 18374 is divided by 9186?
2
Calculate the remainder when 153798 is divided by 9046.
16
Calculate the remainder when 16498 is divided by 5100.
1198
What is the remainder when 230758 is divided by 6?
4
What is the remainder when 2938 is divided by 64?
58
What is the remainder when 4493 is divided by 407?
16
What is the remainder when 48529 is divided by 24242?
45
What is the remainder when 12186 is divided by 17?
14
What is the remainder when 19503 is divided by 343?
295
Calculate the remainder when 42832 is divided by 17.
9
Calculate the remainder when 19998 is divided by 25.
23
Calculate the remainder when 10484 is divided by 233.
232
Calculate the remainder when 6536 is divided by 61.
9
What is the remainder when 28940 is divided by 14444?
52
Calculate the remainder when 46557 is divided by 15.
12
Calculate the remainder when 31715 is divided by 1446.
1349
Calculate the remainder when 177777 is divided by 60.
57
Calculate the remainder when 6866 is divided by 190.
26
What is the remainder when 60358 is divided by 1006?
1004
What is the remainder when 1512 is divided by 151?
2
What is the remainder when 16729 is divided by 35?
34
Calculate the remainder when 309057 is divided by 26.
21
Calculate the remainder when 1387 is divided by 231.
1
What is the remainder when 187655 is divided by 221?
26
Calculate the remainder when 7344 is divided by 2447.
3
Calculate the remainder when 54869 is divided by 269.
262
Calculate the remainder when 210523 is divided by 90.
13
Calculate the remainder when 65960 is divided by 141.
113
Calculate the remainder when 4137 is divided by 327.
213
Calculate the remainder when 108 is divided by 11.
9
Calculate the remainder when 6630 is divided by 1117.
1045
Calculate the remainder when 155004 is divided by 32.
28
What is the remainder when 10220 is divided by 9877?
343
Calculate the remainder when 41628 is divided by 20632.
364
Calculate the remainder when 23451 is divided by 34.
25
What is the remainder when 15920 is divided by 7951?
18
Calculate the remainder when 10434 is divided by 402.
384
What is the remainder when 20401 is divided by 48?
1
What is the remainder when 3496 is divided by 3088?
408
What is the remainder when 10905 is divided by 3301?
1002
Calculate the remainder when 10017 is divided by 3317.
66
What is the remainder when 13364 is divided by 26?
0
Calculate the remainder when 1732 is divided by 1600.
132
What is the remainder when 60102 is divided by 50?
2
Calculate the remainder when 3634 is divided by 81.
70
Calculate the remainder when 35896 is divided by 2760.
16
Calculate the remainder when 13961347 is divided by 235.
232
What is the remainder when 1132 is divided by 3?
1
What is the remainder when 2895 is divided by 172?
143
Calculate the remainder when 30256 is divided by 82.
80
Calculate the remainder when 21312 is divided by 1914.
258
Calculate the remainder when 261244 is divided by 65308.
12
Calculate the remainder when 323388 is divided by 531.
9
What is the remainder when 3669 is divided by 480?
309
Calculate the remainder when 13956 is divided by 9.
6
Calculate the remainder when 41185 is divided by 28.
25
Calculate the remainder when 1777 is d